-2 + 4*c**2 + 4*c - 2*c - 3*c**2 + 2*c**2. Suppose m + 6 = -2*m. List the prime factors of v(m).
2, 3
Suppose 3*c + 26 = -4*y - 2, 14 = -2*y + 2*c. Let u = -2 - y. Suppose -r + 4*i - 3 = 0, -u*r = -r - 3*i - 14. List the prime factors of r.
5
Suppose 4*w + 0*w - 12 = 0. Suppose w*l + v - 96 = 0, -4*v + 9 = -3*l + 90. What are the prime factors of l?
31
Let f be -63 - (-6 + 2 + 1). Let j be -1 + f - (-5)/5. List the prime factors of j/(-8)*12/10.
3
Let j(n) = -n**3 + 4*n**2 + 6*n + 7. List the prime factors of j(-3).
2, 13
Suppose -5*o = -4 - 11. Suppose -2 - 13 = -g - z, -5*g - o*z + 75 = 0. What are the prime factors of g?
3, 5
Suppose 0 = -2*d + d - 1. Let f be d*(-4)/2*2. Suppose -23 = -f*y + 41. List the prime factors of y.
2
Suppose 5*o - 25 = 0, -2*k = -5*k + 4*o - 56. List the prime factors of k/4 - (-40 + 0).
37
Let o = -4 + -5. Let q = 7 + o. List the prime factors of (2/(-6))/(q/18).
3
Let r(z) = -6*z - 35. List the prime factors of r(-18).
73
Suppose -2*w = 4*n - 2*n, 0 = -4*n - 2*w + 6. Suppose -24 = n*q + q. What are the prime factors of (-9)/q*1*8?
2, 3
Suppose 0 = -3*g - 0*g - 30. Let i(j) = -2*j - 8. Let d be i(g). List the prime factors of ((-8)/d)/(6/(-45)).
5
Suppose 137 = 5*p + 42. Suppose -4*a = -5*f + p, f + 3*f - 17 = 5*a. Suppose -2*c + f = -c. List the prime factors of c.
3
Let a = -7 + 13. Suppose -11 = 2*b - 3*n, 3*b - a*b + 16 = 2*n. What are the prime factors of b?
2
Let m(r) be the third derivative of -r**6/120 - r**5/30 - r**4/12 + 3*r**2. Let t be m(-2). Let w = -2 + t. List the prime factors of w.
2
Let b(m) = m + 11. Let t be b(-7). Let d(k) be the first derivative of k**3/3 - 3*k**2/2 + 6*k - 1. List the prime factors of d(t).
2, 5
Let q(u) = -u**3 + 7*u**2 + 7*u + 9. Let h be q(8). Suppose 4*l = 2*z - 18, -2*l - 21 = -2*z + h. List the prime factors of z.
13
Let j(b) = b**2 + 3*b + 2. Let l be j(-2). Suppose l*q - q + 35 = -5*v, -2*v - 106 = -5*q. List the prime factors of q.
2, 5
What are the prime factors of (-6)/2*(-1644)/36?
137
Suppose -3*q - 43 = -133. Suppose 0 = -7*u + 2*u + q. What are the prime factors of u?
2, 3
Let x = 8 - 3. Suppose l = 3*w - l - 4, -x*w - 4*l - 30 = 0. List the prime factors of (-24)/w - (1 - -1).
2, 5
Suppose 4*w - 2*j - 2*j = 124, -3*j = 3*w - 69. Suppose 4*b = 17 - 93. Let z = b + w. List the prime factors of z.
2
Let i be 2 + -4 + (-4 - -9). Suppose -i*f - 2*y = 3*y, -3*y = 2*f. Suppose 5*o - 4*g - 102 = -0*o, -2*o - 4*g + 24 = f. List the prime factors of o.
2, 3
Let h be (-1)/(16/20 - 1). List the prime factors of h/20 + (-35)/(-4).
3
Let y(u) = -4 - 7*u + 3 + 0. Let j be y(-1). Suppose h = -a + 6, -2*a - 23 = -j*a - 3*h. What are the prime factors of a?
5
List the prime factors of (-3)/(-3 - 0)*17.
17
Suppose -2*g + 4*g - 112 = 0. List the prime factors of g.
2, 7
Let l(a) = -16*a - 2. Let n(i) = -11*i - 1. Let v(r) = -5*l(r) + 7*n(r). What are the prime factors of v(6)?
3, 7
Suppose 0 = -2*q - 3*q + 110. What are the prime factors of q?
2, 11
What are the prime factors of ((-40)/25)/(192/(-95) + 2)?
2, 19
Suppose 5*y = -3*m + 383, -3*y = -5*m + 2*m + 375. What are the prime factors of m?
2, 3, 7
Let y = 6 + -2. Suppose -5*a - 3 - 2 = 5*i, y*i + a = -4. List the prime factors of (2/4)/(i/(-18)).
3
Suppose 40 = -3*y + 5*y. Suppose 0*i - 4*i = -y. List the prime factors of i.
5
Suppose 50 = -o + 2*c, -5*c + 12 = -c. Let s be 4/(-10) + o/(-10). What are the prime factors of (-1 - 0)/(s/(-28))?
7
Let f be (-1 - -5) + (1 - 0). Let c be 1/f + 44/5. Let s = 2 + c. List the prime factors of s.
11
Let h = 72 - 20. Suppose 0*r - 4*r = -h. List the prime factors of r.
13
Let f(b) = -b**3 - 7*b**2 - 6. Let m be f(-7). Let t be (m/(-9))/(4/186). Suppose 2*j - v - t = -2*j, 4*v - 20 = 0. List the prime factors of j.
3
Let o = 142 + 1. What are the prime factors of o?
11, 13
Let t be (-4)/(-8) + 3/2. Suppose -t*w = 3*w - 15. Suppose -w*p + 8 = p. What are the prime factors of p?
2
What are the prime factors of (-1)/1*(-374 + -9)?
383
Let w = -25 - -15. Let a(m) = -m**3 - 9*m**2 + 8*m - 5. List the prime factors of a(w).
3, 5
Suppose a = 29 + 31. What are the prime factors of a?
2, 3, 5
Suppose -2*s = -9*n + 5*n + 56, 0 = n + 2*s - 19. What are the prime factors of n?
3, 5
Let j be (-2)/(-8) - (-357)/12. Suppose 2*i + 0*i + 12 = -5*w, -5*i - j = 5*w. Let t(p) = -p + 2. List the prime factors of t(i).
2
Let r = 6 + 25. List the prime factors of r.
31
Let v(b) = 8*b - 4. Suppose 7*t - 15 = 2*t. What are the prime factors of v(t)?
2, 5
Suppose 3*z - 132 = -5*h, 4*h = 3*h - 3. List the prime factors of z.
7
Let k(s) = -5*s**2 - 3*s**3 - 2*s**2 - 2*s + 2*s**3 - 6*s - 7. What are the prime factors of k(-6)?
5
Let g(d) = -d - 7. Let o be g(-7). Suppose -2*q + 5*u + 165 = -505, o = -4*u. List the prime factors of q/30 + 1/(-6).
11
Suppose 5*j - 10 - 125 = 0. List the prime factors of j.
3
Suppose -5*t + 4*t = -5*d - 7, -2*t - 3*d + 1 = 0. Let z be t + -1 + 1 - -1. Suppose -h = z*h - 20. What are the prime factors of h?
5
Suppose 0 = 5*v + 6 - 16. Suppose v = 2*o - 2. What are the prime factors of 1 + 7 + 1 + o?
11
Let c = 0 + 4. Suppose 4*d + 6 = -3*f + 5*f, -4*f = -12. Suppose -4*v + c = -d, 0 = 2*x - 5*v - 9. What are the prime factors of x?
7
Let f(x) = -x**2 + 7*x + 10. Let g be f(8). List the prime factors of (1/g - 3)*-2.
5
Let r(b) = -b**3 - b**2 + 10. Let w be r(0). Suppose w = 3*p + 4. Suppose -p*a + 22 = -0*a. List the prime factors of a.
11
Suppose 2*d + 3*q = -1, 35 = 5*d - 5*q - 0. Suppose y = -d + 17. List the prime factors of y.
13
Suppose -y - 10 = -6*y. Let a = y + 5. List the prime factors of a.
7
Let h(a) = 7*a**2 - 2*a - 5. List the prime factors of h(-2).
3
Suppose 4*k + 34 = -f, -3*f - 116 - 41 = k. Let o = f + 96. List the prime factors of o.
2, 3, 7
Let h(t) = -51*t - t**3 + 40*t + 14*t**2 - 5*t**2 + 7. List the prime factors of h(7).
2, 7
Let l be 0 + (-7 - (0 + -1)). Let c = 14 - l. What are the prime factors of c?
2, 5
Let w be 2 + (2 - 2 - -2). Let p(a) = -a**2 + 5*a. Let n be p(w). What are the prime factors of (-25)/(-4) - 1/n?
2, 3
Let r(x) = 26*x + 3. List the prime factors of r(1).
29
Let n be (-1)/((4 + -1)/(-18)). Suppose -n*o + 2*o = 216. List the prime factors of (-21)/(-3)*o/(-21).
2, 3
Suppose -2*p + 67 = v, -2*p - 3*v - v = -58. What are the prime factors of p?
5, 7
Suppose -564 = -10*k + 4*k. List the prime factors of k.
2, 47
Suppose -5*u + 4*a = -363, 2*u - 4*u = 4*a - 134. What are the prime factors of u?
71
Let z(c) = 3*c**3 - 3*c**2 - 3. Let p be z(3). Suppose 4*j - 2*j + 5*g - p = 0, 3*g = -3*j + 54. List the prime factors of j.
13
Suppose 2*l = 6*l - 32. What are the prime factors of 126/4*l/6?
2, 3, 7
Let y(l) = -3*l + 5. Let d be (-2)/(-3) + 119/(-21). Let g be y(d). Suppose 2*i = 3*i - g. What are the prime factors of i?
2, 5
Suppose -3*x + j + 270 = 0, -j = -x + 85 + 5. Suppose 0 = p + 4*p - x. List the prime factors of p.
2, 3
Suppose -2*r + 3*b + 2*b = -74, 111 = 3*r - 5*b. List the prime factors of r.
37
Let w(b) = b + 1. Let t be w(0). Let k(c) = 23*c**2 - 4*c + 3. What are the prime factors of k(t)?
2, 11
Let h(f) = 7*f - 5. List the prime factors of h(2).
3
Suppose 0 = 3*s + m - 29, -4*s = -0*s - 3*m - 30. List the prime factors of s.
3
Let d be (-2)/(-4) + (-18)/4. What are the prime factors of 32/(-6)*(-7 - d)?
2
Suppose -4*w = -61 + 13. What are the prime factors of w?
2, 3
Let a = -6 + 5. Let x(q) = q**2 + 10*q + 9. Let j be x(-9). What are the prime factors of 1 + j/a - -6?
7
Let g(b) = 3*b + 1. List the prime factors of g(8).
5
List the prime factors of ((-25)/10)/(3/(-222)).
5, 37
Let j = 13 + 0. Let t be j + 0 - (-4)/2. Let f = -8 + t. List the prime factors of f.
7
Let u(k) = 6*k - 2. Suppose -p = 3*z - 17, -p = -2*z - 0*p + 8. Suppose 0*g - z*g + 10 = 0. List the prime factors of u(g).
2, 5
Suppose 0 = -4*w + 3*l + 9, -w + 0*l = l + 3. Let d = -8 + w. Let s = d - -13. What are the prime factors of s?
5
Suppose 0 = -7*a + 2*a - 5. Let o be 0 + (18 - a - 1). Let f = o + -11. List the prime factors of f.
7
Let c(w) = -w**3 + 5*w**2 + w - 7. Let i be c(5). Let k be (0 - (i - -1))*0. Suppose y - l - 7 = k, 4*y + 2*l = 3*y - 8. What are the prime factors of y?
2
Suppose -56 = -4*w + k - 9, 3*k + 33 = 3*w. Let v(y) = -y - 1. Let 